 25 + -16. List the prime factors of ((-2)/(-6))/(1/l).
3
Let p(j) = -2*j - 2. Let k be p(-5). Let y(r) = -13*r + 28. Let b(h) = -4*h + 9. Let f(v) = -7*b(v) + 2*y(v). What are the prime factors of f(k)?
3
Let x(l) = -l + 0 - 4*l - l - 3. Let y be x(-3). Suppose 4*f - y - 10 = -5*a, -3*f + 3*a + 39 = 0. List the prime factors of f.
2, 5
What are the prime factors of (23 + -22)/((-2)/(-436))?
2, 109
Let s(i) = -i**2 + i + 6. Let l be s(-4). Let z = l + 33. List the prime factors of z.
19
Let t = -16 - -27. What are the prime factors of t?
11
Suppose j + 3*m = -3*j + 305, 3*j + 4*m - 234 = 0. Let r(y) = -y**3 + 4*y**2 + 4*y + 7. Let f be r(5). List the prime factors of f/(3 + j/(-26)).
13
Suppose -n + 0 + 4 = 0, -4*n + 1 = -5*c. Let p(t) = -t**2 + 10*t - 10. Let x be p(7). Let s = c + x. What are the prime factors of s?
2, 7
Suppose -2*g - 3*z = -4*g + 65, z = -2*g + 69. Suppose 4*d - 98 = -2*w, 81 - g = w + d. What are the prime factors of w?
3, 5
Let x(r) = -6*r + 0 + 0. Let t be x(-1). Suppose -t = -6*s + 3*s. List the prime factors of s.
2
Let m(k) = k - 2. Let v be m(4). Suppose -3*x + 17 - v = 2*f, -3*f + 2*x = -29. What are the prime factors of f?
3
Suppose n + h - 2 = 0, -4*h - 2 = 3*n - 3*h. Let u(g) = -2*g**2 + 2*g**2 - 2*g**3 + 2*g. List the prime factors of u(n).
2, 3
Let i = 10 - 8. Suppose 2*u - f - 36 = -4*f, i*f = 4*u - 88. List the prime factors of u.
3, 7
Let c(t) = 5*t**2 - 2*t - 4. List the prime factors of c(-2).
2, 5
Let t be 21/9 + (-2)/6. Suppose -s - 26 = -t*a, -2*a + s = -a - 15. What are the prime factors of a?
11
Suppose -4*s = -7*s + 9. What are the prime factors of (-2)/(-2*1/s)?
3
Suppose 0 = -2*o + 235 + 393. Suppose 109 = -5*h + o. Suppose 3*a - 35 - 13 = 5*s, s = -4*a + h. List the prime factors of a.
11
Suppose -4*f + 1 = -4*x - 3, f - 2 = 2*x. Let p = x - -8. List the prime factors of p.
7
Let l be (54/(-5))/((-33)/110). Suppose 2*c = 98 - l. What are the prime factors of c?
31
Let v(z) = -z**3 + 2*z**2 + 3*z. Let t(h) = h**3 - h**2 - 2*h + 1. Let g(f) = -4*t(f) - 3*v(f). What are the prime factors of g(-3)?
2
Let o(c) = 8*c - 4. Let v be o(3). Suppose 0 = -4*t - v, 0*w = 2*w + 4*t + 48. Let x = w - -24. List the prime factors of x.
2, 5
Let y(u) = -19*u + 1. List the prime factors of y(-2).
3, 13
What are the prime factors of (1 + -7)/(3/((-3)/2))?
3
Let f(b) = -2*b**3 - 2 - 5*b - 5*b**2 - b**3 + 4*b**2 - 3*b**2. List the prime factors of f(-2).
2
Suppose 3*g + 130 = 5*g. List the prime factors of g.
5, 13
Let c be 0/((-8)/(-2)) + 9. Suppose 5 = -2*z + c. List the prime factors of z.
2
Let q = -32 - -54. Suppose 6 = 4*z - q. What are the prime factors of z?
7
Let d(w) = 6*w - 10*w - 1 - 10*w - 2. List the prime factors of d(-2).
5
Suppose 0 = -5*k - o + 3*o + 16, 5*k + 2 = -4*o. What are the prime factors of k?
2
Suppose -2*i - 3*f + 246 = -5*f, 0 = 5*i - f - 635. What are the prime factors of i?
2
List the prime factors of 0 + (-5)/15*-219.
73
Suppose -4*j + 153 = 5*r - 10*r, -32 = -j - 5*r. List the prime factors of j.
37
Let w be -2 + 1 + (-2 - -1). Let c(b) be the third derivative of b**5/15 + b**4/24 + b**3/3 + 5*b**2. What are the prime factors of c(w)?
2
Let m be (-22)/(-55) - (-274)/(-10). Let g = m + 65. What are the prime factors of g?
2, 19
Let o = -43 - -26. What are the prime factors of (-2 + 3)/((-1)/o)?
17
Suppose 0 = -6*b + 265 + 293. What are the prime factors of b?
3, 31
Let r(t) = t**2 + 5*t - 3. Let c be r(-6). Let u be 18/(-8)*(-8)/c. Suppose q - 4 = u. What are the prime factors of q?
2, 5
Suppose -i = 2*i - 51. What are the prime factors of i?
17
Suppose -w - 2*w + 6 = 0. Let t(b) = 2 - 7*b - b**2 + 0*b + 0*b**w. List the prime factors of t(-7).
2
Suppose -285 = -5*v - y, 2*v - 66 - 30 = -4*y. Suppose -c - c = -3*b + v, -b + 3*c + 24 = 0. What are the prime factors of b?
2, 3
Let o = 0 + 2. Suppose 0 = k - o - 0. What are the prime factors of k/(-5) - (-68)/20?
3
Let q(n) = -n**3 + 3*n**2 + 3*n + 3. Let j be (-6)/(-4) + 18/12. What are the prime factors of q(j)?
2, 3
List the prime factors of 463/4 + -3 - (-6)/(-8).
2, 7
Let r(t) = 2*t - 4. Suppose 0 = 2*n + 7 - 17. List the prime factors of r(n).
2, 3
Let t(s) = -139*s + 2. What are the prime factors of t(-2)?
2, 5, 7
Let c(p) = -p**3 + 5*p**2 - 4*p + 6. Let l be c(4). Suppose l*o = o. Let s(q) = q**2 + 10. What are the prime factors of s(o)?
2, 5
Let g(y) = 25*y + 4. Let v be g(3). Let p = 131 - v. Let s = p - 37. What are the prime factors of s?
3, 5
Suppose 0 = 6*c - 0*c - 330. List the prime factors of c.
5, 11
Let k be 3 + -2 + 42 + -5. Suppose 4*c - k = 2*f - 12, 0 = -2*f - 2. What are the prime factors of c?
2, 3
List the prime factors of ((-585)/(-26))/((-2)/(-20)).
3, 5
Suppose 3*r = k - 15, 3*k + r = 2*r + 77. Suppose -3*v + 12 = -k. List the prime factors of 3/3 + -2 + v.
2, 3
Let p be (20/(-6))/((-6)/36). Suppose 0 = 3*a - p + 8. Suppose f = 2*u - 9 - 8, -a*u + f + 29 = 0. List the prime factors of u.
2, 3
Let r be (0 - -3) + -3*13. List the prime factors of 2/(-4)*r/2.
3
Suppose 78 = -3*k + 351. List the prime factors of k.
7, 13
Let k(o) = o**2 - 10*o + 12. Let l be k(9). Suppose -5*n - 3 = l*t, 0 = -2*t + 5*n - 0*n + 23. List the prime factors of t.
2
Let c(d) = -3*d**2 + 8*d - 12. Let h(s) = -11 - 34 - 4 - 13*s**2 + 31*s. Let z(f) = 9*c(f) - 2*h(f). What are the prime factors of z(7)?
11
Let j(d) = -d**3 - 6*d**2 - 5*d + 5. Let t be j(-5). Let q(i) = 2*i + 1 + 1 - i. List the prime factors of q(t).
7
Let h(y) = y**2 - 5*y + 6. Let q(k) = 4*k - 5. Let p(u) = 6*h(u) + 7*q(u). Let l be p(2). List the prime factors of (2 - 24/l)*7.
2, 3
Suppose 0 = 6*z - z - 60. Let t be ((-3)/6)/(1/z). What are the prime factors of (-11)/4*(t + 2)?
11
Suppose -4*v = -305 - 283. List the prime factors of v.
3, 7
Suppose 0 = 5*i - 18 + 3. What are the prime factors of i?
3
Suppose 2*l = z + 5*l + 14, -l = -2*z. List the prime factors of -2 - (1 + z + -13).
2, 3
Let y be 2/(-1*(0 - -2)). Let u be (-9)/((2*y)/2). Let i = -4 + u. What are the prime factors of i?
5
Let b(c) be the second derivative of -c**4/24 + c**3/6 - c**2 - c. Let v(z) be the first derivative of b(z). List the prime factors of v(-2).
3
Suppose c + 2*c = 96. List the prime factors of c.
2
Let c be 3*2 - (-8 - -7). Let k = c + 11. What are the prime factors of k?
2, 3
Suppose 4*r + 66 = 7*r. List the prime factors of r.
2, 11
Let d be 4/(-6)*(-3 - 0). Let a be 7 + 0/(d + 0). Let o = a + 3. What are the prime factors of o?
2, 5
Let t = 23 - 9. List the prime factors of t.
2, 7
Let q(z) = 19*z**2 - 3*z - 11. What are the prime factors of q(3)?
151
Let x = 312 - 195. List the prime factors of x.
3, 13
Let t(f) = -f**3 + 10*f**2 + 4*f. Let s be t(10). Let u = s + -26. What are the prime factors of u?
2, 7
Let k be (-2)/(-5) + 2/(-5). Suppose k*c - 3*c = -27. Let m = -3 + c. What are the prime factors of m?
2, 3
Let m = 4 - 5. List the prime factors of (-8 + (-3)/3)/m.
3
Let h be 1/(-2) + (-39)/(-6). List the prime factors of 3 + h - (-1 + 1).
3
Let s = 9 + -21. Let v = s - -6. Let m = 10 + v. What are the prime factors of m?
2
Suppose 0 = r - 21 + 17. List the prime factors of r.
2
Let r(z) = z + 7. Let d be r(-4). Suppose -44 - 31 = -d*v. What are the prime factors of v?
5
Let y(a) = 0*a**3 - 6*a**2 + a**3 + 4 + a - 6*a. List the prime factors of y(7).
2, 3
Let i be (-2)/(-5) + 85/(-25). Let z be (-6)/(-3)*1 + i. What are the prime factors of -1 + (-3 + -2)*z?
2
Let w(r) = r**2 - 3*r - 13. List the prime factors of w(7).
3, 5
Let j(a) = 30*a - 11. What are the prime factors of j(8)?
229
Suppose 0 = u - 99 - 6. What are the prime factors of u?
3, 5, 7
Suppose -y - 5*p + 5 = -15, 15 = -5*y - 2*p. Let j be 2/y*1*15. Let q = 9 + j. What are the prime factors of q?
3
Let w(c) = c**3 + 5*c**2 - c - 5. Let a be w(-5). Let z be (2 - 8)*(a - 1). Suppose 4 + z = d. What are the prime factors of d?
2, 5
Suppose y + 1 = 4. Suppose -2*n - 2*b = -4, y*b = -n - 0*b. Let d(v) = -v**2 + 4*v - 1. What are the prime factors of d(n)?
2
Let g = -14 - -23. What are the prime factors of g?
3
Let d = -112 + 175. What are the prime factors of d?
3, 7
Let k = 57 - 41. List the prime factors of k.
2
Let o(r) = r**2 - 5*r + 4. Let f be o(5). Let h = f + -3. What are the prime factors of 5 + -5 + 18/h?
